{"id":44,"date":"2019-03-13T13:53:48","date_gmt":"2019-03-13T13:53:48","guid":{"rendered":"http:\/\/hz-automobile.de\/wordpress\/?page_id=44"},"modified":"2019-03-16T18:47:40","modified_gmt":"2019-03-16T18:47:40","slug":"ausbildung-2019-zum-kfz-mechatroniker-pkw-technik-m-w-d","status":"publish","type":"page","link":"https:\/\/hz-automobile.de\/index.php\/ausbildung-2019-zum-kfz-mechatroniker-pkw-technik-m-w-d\/","title":{"rendered":"Ausbildung zum Kfz-Mechatroniker PKW-Technik (m\/w\/d)"},"content":{"rendered":"\n<p><strong>Wir suchen DICH!<\/strong><br><br>Zur Verst\u00e4rkung unseres Teams suchen wir zum <strong>01. August 2019<\/strong> einen Auszubildenen zum Kfz-Mechatroniker (m\/w\/d)<br><br><\/p>\n\n\n\n<figure class=\"wp-block-image\"><img loading=\"lazy\" decoding=\"async\" width=\"1024\" height=\"682\" src=\"https:\/\/hz-automobile.de\/wp-content\/uploads\/2019\/03\/garage-hanging-mechanic-1625531-1024x682.jpg\" alt=\"\" class=\"wp-image-62\" srcset=\"https:\/\/hz-automobile.de\/wp-content\/uploads\/2019\/03\/garage-hanging-mechanic-1625531-1024x682.jpg 1024w, https:\/\/hz-automobile.de\/wp-content\/uploads\/2019\/03\/garage-hanging-mechanic-1625531-300x200.jpg 300w, https:\/\/hz-automobile.de\/wp-content\/uploads\/2019\/03\/garage-hanging-mechanic-1625531-768x512.jpg 768w, https:\/\/hz-automobile.de\/wp-content\/uploads\/2019\/03\/garage-hanging-mechanic-1625531.jpg 2000w\" sizes=\"auto, (max-width: 1024px) 100vw, 1024px\" \/><\/figure>\n\n\n\n<p>Du hast ein ausgepr\u00e4gtes Interesse an technischen Zusammenh\u00e4ngen, verf\u00fcgst \u00fcber handwerkliches Geschick und m\u00f6chtest in einem famili\u00e4ren Betriebsklima lernen? Dann ist eine Ausbildung zum Kfz-Mechatroniker bei HZ-Automobile genau das Richtige f\u00fcr dich.<br><br><strong>Das lernst du bei uns:<\/strong><\/p>\n\n\n\n<ul class=\"wp-block-list\"><li>Diagnose von Fehlern an Fahrzeugen und deren Behebung<\/li><li>fachgerechte Wartung und Pr\u00fcfung von Fahrzeugsystemen sowie Bauteilen<\/li><li>Montage und Demontage von einzelnen Fahrzeugbauteilen<\/li><li>Untersuchung von Fahrzeugen auf ihre Verkehrssicherheit<\/li><li>professionelle Kommunikation mit Kunden<\/li><\/ul>\n\n\n\n<p><strong>Das bringst du mit:<\/strong><\/p>\n\n\n\n<ul class=\"wp-block-list\"><li>Lernbereitschaft, Zuverl\u00e4ssigkeit und Teamf\u00e4higkeit<\/li><li>handwerkliches Geschick<\/li><li>technisches Grundverst\u00e4ndnis<\/li><li>Kundenorientierung<\/li><li>Motivation und Spa\u00df an der Arbeit an Fahrzeugen<\/li><\/ul>\n\n\n\n<p><strong>Darauf kannst du dich freuen:<\/strong><\/p>\n\n\n\n<ul class=\"wp-block-list\"><li>eine gut strukturierte Ausbildung<\/li><li>ein kompetentes und hilfsbereites Team, dass dich tatkr\u00e4ftig unterst\u00fctzt<\/li><li>qualifizierte und erfahrene Ausbilder<\/li><li>Pr\u00e4mierung von guten Leistungen<\/li><\/ul>\n\n\n\n<p style=\"text-align:center\"> Solltest du noch Fragen haben, erreichst du uns unter:  02671-9173160  <br><br>Wenn dich diese berufliche Herausforderung mit interessanten  Perspektiven reizt, dann m\u00f6chten wir dich gerne kennenlernen und freuen uns auf deine Bewerbung. <br><br>Bewirb dich jetzt und sende deine Bewerbung an:<br><br><strong>zabel@hz-automobile.de<\/strong><br><br>oder<br><br><strong>HZ-Automobile<br>Auf dem Acker 7<br>56814 Ernst<\/strong><br><\/p>\n","protected":false},"excerpt":{"rendered":"<p>Wir suchen DICH! Zur Verst\u00e4rkung unseres Teams suchen wir zum 01. August 2019 einen Auszubildenen zum Kfz-Mechatroniker (m\/w\/d) Du hast ein ausgepr\u00e4gtes Interesse an technischen Zusammenh\u00e4ngen, verf\u00fcgst \u00fcber handwerkliches Geschick und m\u00f6chtest in einem famili\u00e4ren Betriebsklima lernen? Dann ist eine Ausbildung zum Kfz-Mechatroniker bei HZ-Automobile genau das Richtige f\u00fcr dich. Das lernst du bei uns:<\/p><\/div>\n<div class=\"blog-btn\"><a href=\"https:\/\/hz-automobile.de\/index.php\/ausbildung-2019-zum-kfz-mechatroniker-pkw-technik-m-w-d\/\" class=\"home-blog-btn\">Weiterlesen<\/a><\/p>\n","protected":false},"author":1,"featured_media":0,"parent":0,"menu_order":0,"comment_status":"closed","ping_status":"closed","template":"","meta":{"footnotes":""},"class_list":["post-44","page","type-page","status-publish","hentry"],"yoast_head":"<!-- This site is optimized with the Yoast SEO plugin v27.6 - https:\/\/yoast.com\/product\/yoast-seo-wordpress\/ -->\n<title>Ausbildung zum Kfz-Mechatroniker PKW-Technik (m\/w\/d) - HZ Automobile Ernst<\/title>\n<meta name=\"robots\" content=\"index, follow, max-snippet:-1, max-image-preview:large, max-video-preview:-1\" \/>\n<link rel=\"canonical\" href=\"https:\/\/hz-automobile.de\/index.php\/ausbildung-2019-zum-kfz-mechatroniker-pkw-technik-m-w-d\/\" \/>\n<meta property=\"og:locale\" content=\"de_DE\" \/>\n<meta property=\"og:type\" content=\"article\" \/>\n<meta property=\"og:title\" content=\"Ausbildung zum Kfz-Mechatroniker PKW-Technik (m\/w\/d) - HZ Automobile Ernst\" \/>\n<meta property=\"og:description\" content=\"Wir suchen DICH! Zur Verst\u00e4rkung unseres Teams suchen wir zum 01. August 2019 einen Auszubildenen zum Kfz-Mechatroniker (m\/w\/d) Du hast ein ausgepr\u00e4gtes Interesse an technischen Zusammenh\u00e4ngen, verf\u00fcgst \u00fcber handwerkliches Geschick und m\u00f6chtest in einem famili\u00e4ren Betriebsklima lernen? Dann ist eine Ausbildung zum Kfz-Mechatroniker bei HZ-Automobile genau das Richtige f\u00fcr dich. Das lernst du bei uns:Weiterlesen\" \/>\n<meta property=\"og:url\" content=\"https:\/\/hz-automobile.de\/index.php\/ausbildung-2019-zum-kfz-mechatroniker-pkw-technik-m-w-d\/\" \/>\n<meta property=\"og:site_name\" content=\"HZ Automobile Ernst\" \/>\n<meta property=\"article:modified_time\" content=\"2019-03-16T18:47:40+00:00\" \/>\n<meta property=\"og:image\" content=\"https:\/\/hz-automobile.de\/wp-content\/uploads\/2019\/03\/garage-hanging-mechanic-1625531-1024x682.jpg\" \/>\n<meta name=\"twitter:card\" content=\"summary_large_image\" \/>\n<meta name=\"twitter:label1\" content=\"Gesch\u00e4tzte Lesezeit\" \/>\n\t<meta name=\"twitter:data1\" content=\"1\u00a0Minute\" \/>\n<script type=\"application\/ld+json\" class=\"yoast-schema-graph\">{\"@context\":\"https:\\\/\\\/schema.org\",\"@graph\":[{\"@type\":\"WebPage\",\"@id\":\"https:\\\/\\\/hz-automobile.de\\\/index.php\\\/ausbildung-2019-zum-kfz-mechatroniker-pkw-technik-m-w-d\\\/\",\"url\":\"https:\\\/\\\/hz-automobile.de\\\/index.php\\\/ausbildung-2019-zum-kfz-mechatroniker-pkw-technik-m-w-d\\\/\",\"name\":\"Ausbildung zum Kfz-Mechatroniker PKW-Technik (m\\\/w\\\/d) - HZ Automobile Ernst\",\"isPartOf\":{\"@id\":\"https:\\\/\\\/hz-automobile.de\\\/#website\"},\"primaryImageOfPage\":{\"@id\":\"https:\\\/\\\/hz-automobile.de\\\/index.php\\\/ausbildung-2019-zum-kfz-mechatroniker-pkw-technik-m-w-d\\\/#primaryimage\"},\"image\":{\"@id\":\"https:\\\/\\\/hz-automobile.de\\\/index.php\\\/ausbildung-2019-zum-kfz-mechatroniker-pkw-technik-m-w-d\\\/#primaryimage\"},\"thumbnailUrl\":\"https:\\\/\\\/hz-automobile.de\\\/wp-content\\\/uploads\\\/2019\\\/03\\\/garage-hanging-mechanic-1625531-1024x682.jpg\",\"datePublished\":\"2019-03-13T13:53:48+00:00\",\"dateModified\":\"2019-03-16T18:47:40+00:00\",\"breadcrumb\":{\"@id\":\"https:\\\/\\\/hz-automobile.de\\\/index.php\\\/ausbildung-2019-zum-kfz-mechatroniker-pkw-technik-m-w-d\\\/#breadcrumb\"},\"inLanguage\":\"de\",\"potentialAction\":[{\"@type\":\"ReadAction\",\"target\":[\"https:\\\/\\\/hz-automobile.de\\\/index.php\\\/ausbildung-2019-zum-kfz-mechatroniker-pkw-technik-m-w-d\\\/\"]}]},{\"@type\":\"ImageObject\",\"inLanguage\":\"de\",\"@id\":\"https:\\\/\\\/hz-automobile.de\\\/index.php\\\/ausbildung-2019-zum-kfz-mechatroniker-pkw-technik-m-w-d\\\/#primaryimage\",\"url\":\"https:\\\/\\\/hz-automobile.de\\\/wp-content\\\/uploads\\\/2019\\\/03\\\/garage-hanging-mechanic-1625531.jpg\",\"contentUrl\":\"https:\\\/\\\/hz-automobile.de\\\/wp-content\\\/uploads\\\/2019\\\/03\\\/garage-hanging-mechanic-1625531.jpg\",\"width\":2000,\"height\":1333},{\"@type\":\"BreadcrumbList\",\"@id\":\"https:\\\/\\\/hz-automobile.de\\\/index.php\\\/ausbildung-2019-zum-kfz-mechatroniker-pkw-technik-m-w-d\\\/#breadcrumb\",\"itemListElement\":[{\"@type\":\"ListItem\",\"position\":1,\"name\":\"Home\",\"item\":\"https:\\\/\\\/hz-automobile.de\\\/\"},{\"@type\":\"ListItem\",\"position\":2,\"name\":\"Ausbildung zum Kfz-Mechatroniker PKW-Technik (m\\\/w\\\/d)\"}]},{\"@type\":\"WebSite\",\"@id\":\"https:\\\/\\\/hz-automobile.de\\\/#website\",\"url\":\"https:\\\/\\\/hz-automobile.de\\\/\",\"name\":\"HZ Automobile Ernst\",\"description\":\"Ihr Autoprofi an der Mosel\",\"publisher\":{\"@id\":\"https:\\\/\\\/hz-automobile.de\\\/#organization\"},\"potentialAction\":[{\"@type\":\"SearchAction\",\"target\":{\"@type\":\"EntryPoint\",\"urlTemplate\":\"https:\\\/\\\/hz-automobile.de\\\/?s={search_term_string}\"},\"query-input\":{\"@type\":\"PropertyValueSpecification\",\"valueRequired\":true,\"valueName\":\"search_term_string\"}}],\"inLanguage\":\"de\"},{\"@type\":\"Organization\",\"@id\":\"https:\\\/\\\/hz-automobile.de\\\/#organization\",\"name\":\"HZ Automobile Ernst\",\"url\":\"https:\\\/\\\/hz-automobile.de\\\/\",\"logo\":{\"@type\":\"ImageObject\",\"inLanguage\":\"de\",\"@id\":\"https:\\\/\\\/hz-automobile.de\\\/#\\\/schema\\\/logo\\\/image\\\/\",\"url\":\"https:\\\/\\\/hz-automobile.de\\\/wp-content\\\/uploads\\\/2019\\\/02\\\/cropped-hz-logo-alt.jpg\",\"contentUrl\":\"https:\\\/\\\/hz-automobile.de\\\/wp-content\\\/uploads\\\/2019\\\/02\\\/cropped-hz-logo-alt.jpg\",\"width\":210,\"height\":94,\"caption\":\"HZ Automobile Ernst\"},\"image\":{\"@id\":\"https:\\\/\\\/hz-automobile.de\\\/#\\\/schema\\\/logo\\\/image\\\/\"}}]}<\/script>\n<!-- \/ Yoast SEO plugin. -->","yoast_head_json":{"title":"Ausbildung zum Kfz-Mechatroniker PKW-Technik (m\/w\/d) - HZ Automobile Ernst","robots":{"index":"index","follow":"follow","max-snippet":"max-snippet:-1","max-image-preview":"max-image-preview:large","max-video-preview":"max-video-preview:-1"},"canonical":"https:\/\/hz-automobile.de\/index.php\/ausbildung-2019-zum-kfz-mechatroniker-pkw-technik-m-w-d\/","og_locale":"de_DE","og_type":"article","og_title":"Ausbildung zum Kfz-Mechatroniker PKW-Technik (m\/w\/d) - HZ Automobile Ernst","og_description":"Wir suchen DICH! Zur Verst\u00e4rkung unseres Teams suchen wir zum 01. August 2019 einen Auszubildenen zum Kfz-Mechatroniker (m\/w\/d) Du hast ein ausgepr\u00e4gtes Interesse an technischen Zusammenh\u00e4ngen, verf\u00fcgst \u00fcber handwerkliches Geschick und m\u00f6chtest in einem famili\u00e4ren Betriebsklima lernen? Dann ist eine Ausbildung zum Kfz-Mechatroniker bei HZ-Automobile genau das Richtige f\u00fcr dich. Das lernst du bei uns:Weiterlesen","og_url":"https:\/\/hz-automobile.de\/index.php\/ausbildung-2019-zum-kfz-mechatroniker-pkw-technik-m-w-d\/","og_site_name":"HZ Automobile Ernst","article_modified_time":"2019-03-16T18:47:40+00:00","og_image":[{"url":"https:\/\/hz-automobile.de\/wp-content\/uploads\/2019\/03\/garage-hanging-mechanic-1625531-1024x682.jpg","type":"","width":"","height":""}],"twitter_card":"summary_large_image","twitter_misc":{"Gesch\u00e4tzte Lesezeit":"1\u00a0Minute"},"schema":{"@context":"https:\/\/schema.org","@graph":[{"@type":"WebPage","@id":"https:\/\/hz-automobile.de\/index.php\/ausbildung-2019-zum-kfz-mechatroniker-pkw-technik-m-w-d\/","url":"https:\/\/hz-automobile.de\/index.php\/ausbildung-2019-zum-kfz-mechatroniker-pkw-technik-m-w-d\/","name":"Ausbildung zum Kfz-Mechatroniker PKW-Technik (m\/w\/d) - HZ Automobile Ernst","isPartOf":{"@id":"https:\/\/hz-automobile.de\/#website"},"primaryImageOfPage":{"@id":"https:\/\/hz-automobile.de\/index.php\/ausbildung-2019-zum-kfz-mechatroniker-pkw-technik-m-w-d\/#primaryimage"},"image":{"@id":"https:\/\/hz-automobile.de\/index.php\/ausbildung-2019-zum-kfz-mechatroniker-pkw-technik-m-w-d\/#primaryimage"},"thumbnailUrl":"https:\/\/hz-automobile.de\/wp-content\/uploads\/2019\/03\/garage-hanging-mechanic-1625531-1024x682.jpg","datePublished":"2019-03-13T13:53:48+00:00","dateModified":"2019-03-16T18:47:40+00:00","breadcrumb":{"@id":"https:\/\/hz-automobile.de\/index.php\/ausbildung-2019-zum-kfz-mechatroniker-pkw-technik-m-w-d\/#breadcrumb"},"inLanguage":"de","potentialAction":[{"@type":"ReadAction","target":["https:\/\/hz-automobile.de\/index.php\/ausbildung-2019-zum-kfz-mechatroniker-pkw-technik-m-w-d\/"]}]},{"@type":"ImageObject","inLanguage":"de","@id":"https:\/\/hz-automobile.de\/index.php\/ausbildung-2019-zum-kfz-mechatroniker-pkw-technik-m-w-d\/#primaryimage","url":"https:\/\/hz-automobile.de\/wp-content\/uploads\/2019\/03\/garage-hanging-mechanic-1625531.jpg","contentUrl":"https:\/\/hz-automobile.de\/wp-content\/uploads\/2019\/03\/garage-hanging-mechanic-1625531.jpg","width":2000,"height":1333},{"@type":"BreadcrumbList","@id":"https:\/\/hz-automobile.de\/index.php\/ausbildung-2019-zum-kfz-mechatroniker-pkw-technik-m-w-d\/#breadcrumb","itemListElement":[{"@type":"ListItem","position":1,"name":"Home","item":"https:\/\/hz-automobile.de\/"},{"@type":"ListItem","position":2,"name":"Ausbildung zum Kfz-Mechatroniker PKW-Technik (m\/w\/d)"}]},{"@type":"WebSite","@id":"https:\/\/hz-automobile.de\/#website","url":"https:\/\/hz-automobile.de\/","name":"HZ Automobile Ernst","description":"Ihr Autoprofi an der Mosel","publisher":{"@id":"https:\/\/hz-automobile.de\/#organization"},"potentialAction":[{"@type":"SearchAction","target":{"@type":"EntryPoint","urlTemplate":"https:\/\/hz-automobile.de\/?s={search_term_string}"},"query-input":{"@type":"PropertyValueSpecification","valueRequired":true,"valueName":"search_term_string"}}],"inLanguage":"de"},{"@type":"Organization","@id":"https:\/\/hz-automobile.de\/#organization","name":"HZ Automobile Ernst","url":"https:\/\/hz-automobile.de\/","logo":{"@type":"ImageObject","inLanguage":"de","@id":"https:\/\/hz-automobile.de\/#\/schema\/logo\/image\/","url":"https:\/\/hz-automobile.de\/wp-content\/uploads\/2019\/02\/cropped-hz-logo-alt.jpg","contentUrl":"https:\/\/hz-automobile.de\/wp-content\/uploads\/2019\/02\/cropped-hz-logo-alt.jpg","width":210,"height":94,"caption":"HZ Automobile Ernst"},"image":{"@id":"https:\/\/hz-automobile.de\/#\/schema\/logo\/image\/"}}]}},"_links":{"self":[{"href":"https:\/\/hz-automobile.de\/index.php\/wp-json\/wp\/v2\/pages\/44","targetHints":{"allow":["GET"]}}],"collection":[{"href":"https:\/\/hz-automobile.de\/index.php\/wp-json\/wp\/v2\/pages"}],"about":[{"href":"https:\/\/hz-automobile.de\/index.php\/wp-json\/wp\/v2\/types\/page"}],"author":[{"embeddable":true,"href":"https:\/\/hz-automobile.de\/index.php\/wp-json\/wp\/v2\/users\/1"}],"replies":[{"embeddable":true,"href":"https:\/\/hz-automobile.de\/index.php\/wp-json\/wp\/v2\/comments?post=44"}],"version-history":[{"count":8,"href":"https:\/\/hz-automobile.de\/index.php\/wp-json\/wp\/v2\/pages\/44\/revisions"}],"predecessor-version":[{"id":122,"href":"https:\/\/hz-automobile.de\/index.php\/wp-json\/wp\/v2\/pages\/44\/revisions\/122"}],"wp:attachment":[{"href":"https:\/\/hz-automobile.de\/index.php\/wp-json\/wp\/v2\/media?parent=44"}],"curies":[{"name":"wp","href":"https:\/\/api.w.org\/{rel}","templated":true}]}}